(-6)?
4
Let y be (8/10)/(3/60). Let h = -4 + y. Suppose -h = z - 53. What is the tens digit of z?
4
What is the hundreds digit of 38/(-133) - 20205/(-35)?
5
Let v(q) = -71*q - 56. What is the thousands digit of v(-16)?
1
Let f(r) = -2*r - 3. Let y be f(-2). Let m = 3 + y. Suppose 0 = 2*w + z - 10, 4*z = -m*w - 0*z + 24. What is the units digit of w?
4
What is the hundreds digit of ((-7)/14)/(-3 + (-4895)/(-1632))?
8
Suppose 332 = 2*w + y, -5*w + 5*y - 401 + 1246 = 0. What is the hundreds digit of w?
1
Let g(t) = 9*t**2 - 12*t + 38. What is the units digit of g(4)?
4
Let m(i) = -i**2 + 29*i. What is the tens digit of m(9)?
8
Suppose -3*j + 900 = 3*p, 597 = -0*p + 2*p + 3*j. What is the hundreds digit of p?
3
Suppose -187 - 77 = -22*j. What is the units digit of j?
2
Let n(j) = j**3 - 6*j**2 - 4*j + 9. Suppose 0 = -0*s + s - 6. Let d be n(s). Let q = 45 + d. What is the units digit of q?
0
What is the tens digit of -13 - 18/(-3) - -5 - -3177?
7
Let i(y) = y**2 - 9*y - 22. Suppose 5*g + 5 = 0, 1 = -w - 0*g - 4*g. Let x be (w - -1) + (-88)/(-8). What is the units digit of i(x)?
8
Suppose 0 = -5*t + 3*q + q + 160, t + 4*q = 56. Let x be t*(20/12 - 1). Suppose -r + x - 1 = 0. What is the units digit of r?
3
Suppose 881 = 39*a - 1849. What is the units digit of a?
0
Suppose 5*g + 935 = 3*w, 2*g + 363 = 2*w - 3*w. Suppose 0 = p - 0 - 2. What is the units digit of (p/4)/((-4)/g)?
3
Let t = 1 + 1. Suppose 2*a = -t*a. Suppose y = 4*n - 2, -4*n - 2 = -a*n - 3*y. What is the units digit of n?
1
Let r(x) = 3*x**2 + 3*x + 4. Let c be r(5). Suppose -c = -h - 0. What is the tens digit of h?
9
Suppose -5*m + 7 = -5*n - 3, 0 = 4*m + 4*n - 16. Suppose 51 = m*y - 48. What is the tens digit of y?
3
Let l(c) = c**3 - 10*c**2 - 75*c - 31. What is the thousands digit of l(19)?
1
Suppose 3*b + 8 = -4*k, 4 = -2*k - 4*b - 0. Let w(d) = -4*d - 5. Let r be w(k). Suppose -2*f + 11 = r*o - 16, 22 = 2*f - 2*o. What is the tens digit of f?
1
Suppose 0*c - 5*c - 2*m + 26 = 0, 3*m = 9. Suppose c*h = -3 + 191. What is the units digit of h?
7
Suppose 206*i - 5884 = 202*i. What is the tens digit of i?
7
Let a be 75*-4*-4*49/(-35). What is the tens digit of (2/4)/((-7)/a)?
2
Let z be (-22)/(-12) + 11/66. Suppose -120 = -2*q + x, 7*q + z*x - 240 = 3*q. Suppose 5*l + q = 3*j + 2*j, 0 = 2*l + 4. What is the units digit of j?
0
What is the hundreds digit of -206*(18/(-52) + 36/(-234))?
1
Let g be (-3)/(-1) + -3*1. Suppose -16 = -3*o - w, o - 6 = -w - g*w. Suppose -4*f = o*i - 2*f - 43, 50 = 5*i - 5*f. What is the units digit of i?
9
Let g = 70 + -66. What is the tens digit of 1 - (-97)/(5 - g)?
9
Suppose 4988 = 3*j - 5*t, 0 = -35*j + 39*j - 3*t - 6647. What is the tens digit of j?
6
Let b = -13 - -9. Let u(v) = 3*v**3 + 7*v**2 - 11*v - 29. Let j(z) = -2*z**3 - 5*z**2 + 10*z + 24. Let t(r) = -4*j(r) - 3*u(r). What is the units digit of t(b)?
7
Suppose 12 = z - 4*q, -3*q = -2*z - 7*q. Suppose -137 = -4*j - 4*a - a, 0 = -2*j - z*a + 76. What is the tens digit of j?
2
Suppose -3*w = -2*w + 4*y - 16, -80 = -2*w + 4*y. Suppose 0 = 3*i + 23 - w. What is the units digit of i*(-2)/(-12)*26?
3
Let x = 597 + -374. What is the units digit of x?
3
Let v(o) be the second derivative of 7/2*o**4 - 3*o + o**2 - 1/6*o**3 + 0. What is the units digit of v(1)?
3
Let c(o) = -16*o**3 - 8*o**2 - 28*o - 3. What is the tens digit of c(-6)?
3
Suppose 69*c + 4774 = 100*c. What is the hundreds digit of c?
1
Let n(v) = -9*v + 9. Suppose o - 16 = -4*k, o - 2*k + k = 1. Let t(a) = 8*a - 9. Let c(h) = o*n(h) + 3*t(h). What is the units digit of c(-6)?
1
Suppose -z - 5382 = -4*g, -4*g + 0*g = -3*z - 5378. What is the thousands digit of g?
1
Let n = 57 + 4. Let v = 135 - n. What is the tens digit of (-1)/(v/38 - 2)?
1
Suppose 2*d - 54*p + 52*p = 8284, 4*d - 16566 = 3*p. What is the tens digit of d?
4
Let x(r) = -224*r + 4. Let k(y) = -75*y + 1. Let w(f) = 16*k(f) - 5*x(f). What is the tens digit of w(-1)?
7
Suppose -3*g = -4*f - 36, 3*f - 8 = -g + 4. Suppose -2*y + g = -0. What is the units digit of y?
6
Let j(k) = -2*k**2 + 2*k - 2. Let w be j(9). Let b = -96 - w. What is the units digit of 161/5 + (-10)/b?
2
Let t(c) = 3*c + 35. Let y be t(-11). What is the units digit of 0 + y + -3 - (-1 + -74)?
4
Suppose 0 = t + t + 2*p - 1210, -3*t - 4*p + 1811 = 0. What is the units digit of t?
9
Let g = 14 - 11. What is the units digit of 7/g*84/4*1?
9
Let y(n) = -n**3 + 19*n**2 + 30*n + 26. What is the hundreds digit of y(20)?
2
Let m = 114 + 877. Let d = m - 660. What is the tens digit of d?
3
Let r(p) = -p**3 - p + 2. Let s be r(2). Let a = -3 - s. Suppose m + 30 = 3*m - a*i, 0 = m + 5*i. What is the units digit of m?
0
Let x(a) = a**3 - 2*a - 7. Let q be x(5). Let l = -6 + 1. What is the units digit of (-1)/l - q/(-10)?
1
Let x = -9 + 11. Suppose -x*c + 17 = -35. What is the units digit of c?
6
Let z be ((-2010)/(-8))/((-6)/(-16)). Suppose -19*d = -14*d - z. What is the tens digit of d?
3
Let h be (3 + 0 - 5)*35/(-7). Suppose -5*u - 340 = -h*u. What is the tens digit of u?
6
Let t = -15 + 18. Let m be ((-4)/t)/(12/(-18)). What is the units digit of (m + 42/(-5))*-10?
4
Suppose 49*s = 68035 + 36580. What is the hundreds digit of s?
1
Let k(b) = -b**3 - 5*b**2 + 11*b + 39. Let y be k(-6). Let z(a) = -a**3 + 8*a**2 + 11*a + 6. What is the tens digit of z(y)?
2
What is the tens digit of (-2)/(-12) - ((-28105)/66 + 6)?
2
Let a = 139 + -99. Let v = 46 - a. What is the units digit of v?
6
Suppose 4 - 2 = n. Suppose n*h = -h + 12. Suppose -f + 95 = h*f. What is the units digit of f?
9
What is the units digit of (5/((-25)/(-354)))/((-24)/(-160))?
2
Let b(g) = 116*g - 5. Let r(t) = 579*t - 25. Let d(n) = -11*b(n) + 2*r(n). Let l be d(5). What is the tens digit of (-4)/10 - l/25?
2
Let v(b) = b**2 - 3*b - 6. Let p be v(6). Suppose 15 = 3*y + p. What is the tens digit of 2*-38*y/(-4)?
1
Suppose 21*k = -58457 + 20384. What is the tens digit of k/14*(1 + -3)?
5
Suppose 23 = n - 16. Suppose 2*m - n = -k + 46, m + k - 43 = 0. What is the tens digit of m?
4
Let w(f) = 13*f**2 - 3*f - 46. What is the hundreds digit of w(-5)?
2
Let r(s) = 28*s**3 - s**2 + 1. Let p = -32 - -33. Let x be r(p). Suppose -x = -6*g + 2*g. What is the units digit of g?
7
Let z(x) = -x**3 - 4*x**2 - 2*x - 6. Let l be z(-4). Suppose l - 22 = -4*q. Suppose -50 = -4*c - 2*r - 14, 2 = 2*c + q*r. What is the tens digit of c?
1
Let f = -6 + 10. Suppose 0 = -v + f. Suppose -118 = -v*n + 6. What is the tens digit of n?
3
Let q be -2*(2/1 + -4). Let h be (6/(-4))/(3/(-8)). Suppose q*i = 0, -4*z = h*i + 18 - 62. What is the tens digit of z?
1
Suppose -5*j = 5*u - 2*u - 10, 2*u + 2*j - 8 = 0. Suppose -3*g + 0*g = -27. Suppose -g*i + u*i = -20. What is the units digit of i?
5
Let q = -7 + 9. What is the units digit of 20*25/5 + q/(-2)?
9
Let f(b) = b**3 - 14*b**2 + 18*b - 15. What is the tens digit of f(13)?
5
Let b(u) be the first derivative of -u**3/3 - 3*u**2 + u - 4. Let k be b(-4). What is the units digit of (0 - 2)/(-2)*k?
9
Suppose 3*u - 2093 = -608. What is the tens digit of u?
9
What is the units digit of (15/10)/(-1) - 40229/(-14)?
2
Suppose -v + 5*o = 1, 0 = 4*o - 1 + 5. What is the tens digit of 15 + 2 - 3/v*4?
1
Suppose -39 - 203 = -2*x. What is the units digit of 22/x - (-559)/11?
1
Let w(o) = -o. Let a be w(-3). Suppose -a*t + 8 = t. Suppose -6*x + t*x + 188 = 0. What is the units digit of x?
7
Let r = -360 + 509. What is the tens digit of r?
4
Suppose -p + 4*p = 6. Suppose 2*n - k - 77 = 422, 0 = -p*n + 4*k + 496. What is the hundreds digit of n?
2
Suppose -4*r + 0*t + 268 = 4*t, -356 = -5*r + 2*t. Suppose 2*y + 423 = 5*i, i - 2*y - 21 = r. What is the tens digit of i?
8
Suppose -5*i - 3*h - 587 = 0, 0 = 5*i - 10*i + 4*h - 559. Let b = i - -186. What is the units digit of b?
1
Let x be 84/(-112) + (-22)/(-8) + -2. Suppose x = 25*i - 24*i - 177. What is the tens digit of i?
7
Let b = 20 - 21. What is the hundreds digit of 137 + (-5)/(-6 - b)?
1
Let n = 1456 + 432. What is the hundreds digit of n?
8
Let d = 104 - 90. Suppose -484 = -d*a + 12*a. What is the tens digit of a?
4
Let t(q) = -q**2 - 2*q - 35. Let o be t(-13). Let r = 266 + o. What is the tens digit of r?
8
Suppose -1235 = -2*m + 2*p + 485, -4*m - 2*p = -3434. What is the hundreds digit of m?
8
Let x b